{"id":676,"date":"2026-04-05T13:25:42","date_gmt":"2026-04-05T12:25:42","guid":{"rendered":"https:\/\/adrena.fun\/home\/?page_id=676"},"modified":"2026-04-05T15:35:50","modified_gmt":"2026-04-05T14:35:50","slug":"stages-de-vacances","status":"publish","type":"page","link":"https:\/\/adrena.fun\/home\/stages-de-vacances\/","title":{"rendered":"Stages de vacances"},"content":{"rendered":"\n<div id=\"wp-block-themeisle-blocks-accordion-e975a419\" class=\"wp-block-themeisle-blocks-accordion exclusive has-dark-title-bg  has-dark-active-title-bg has-dark-content-bg\">\n<details open class=\"wp-block-themeisle-blocks-accordion-item\"><summary class=\"wp-block-themeisle-blocks-accordion-item__title\"><div><strong>Stages de vacances<\/strong><\/div><\/summary><div class=\"wp-block-themeisle-blocks-accordion-item__content\">\n<p class=\"has-text-align-left has-light-green-cyan-color has-text-color has-link-color wp-elements-b81f4cc4527964c9c3b4afccc485d138\" style=\"font-size:25px\"><strong>Initiation au pilotage de drone<\/strong>s<\/p>\n\n\n\n<p style=\"font-size:20px\">Offrez \u00e0 votre enfant une semaine originale, ludique et enrichissante dans l\u2019univers des drones !<\/p>\n\n\n\n<p style=\"font-size:20px\">Pendant 5 jours, les participants d\u00e9couvrent le pilotage de drones \u00e0 travers des activit\u00e9s vari\u00e9es, accessibles et encadr\u00e9es, dans un environnement s\u00e9curis\u00e9 et adapt\u00e9 \u00e0 leur \u00e2ge.<\/p>\n\n\n\n<p style=\"font-size:20px\">Notre objectif : apprendre en s\u2019amusant, d\u00e9velopper la concentration, la coordination et la curiosit\u00e9 technologique.<\/p>\n\n\n\n<p class=\"has-text-align-left has-light-green-cyan-color has-text-color has-link-color wp-elements-5deef50c17cd1d64c868fafd154c827d\" style=\"font-size:25px\"><strong>Au programme de la semaine<\/strong><\/p>\n\n\n\n<ul class=\"wp-block-list\">\n<li style=\"font-size:22px\">Initiation au pilotage sur simulateur (sans risque)<\/li>\n\n\n\n<li style=\"font-size:22px\">Premiers vols de drones en toute s\u00e9curit\u00e9<\/li>\n\n\n\n<li style=\"font-size:22px\">D\u00e9couverte de diff\u00e9rents types de drones (FPV, Flyball, drones stabilis\u00e9s\u2026)<\/li>\n\n\n\n<li style=\"font-size:22px\">Activit\u00e9s ludiques comme les FPV Cars et petits d\u00e9fis<\/li>\n\n\n\n<li style=\"font-size:22px\">Introduction simple aux bases du fonctionnement des drones<\/li>\n\n\n\n<li style=\"font-size:22px\">Moments de cr\u00e9ativit\u00e9 et de manipulation (selon les groupes)<\/li>\n<\/ul>\n\n\n\n<p style=\"font-size:22px\">Tout au long du stage, les enfants progressent \u00e0 leur rythme, accompagn\u00e9s par des encadrants attentifs et exp\u00e9riment\u00e9s.<\/p>\n\n\n\n<p style=\"font-size:22px\"><strong>Aucune exp\u00e9rience pr\u00e9alable n\u2019est n\u00e9cessaire.<\/strong><\/p>\n\n\n\n<p style=\"font-size:22px\">Nous accordons une grande importance \u00e0 la s\u00e9curit\u00e9, au respect du mat\u00e9riel et au plaisir d\u2019apprendre dans une ambiance conviviale.<\/p>\n\n\n\n<p style=\"font-size:22px\"><strong><em>*Groupes limit\u00e9s \u00e0 12 enfants maximum par semaine, afin de garantir un encadrement de qualit\u00e9 et une attention personnalis\u00e9e.<\/em><\/strong><\/p>\n\n\n\n<p class=\"has-light-green-cyan-color has-text-color has-link-color wp-elements-17c6c645e47afc378f6597661a2be9eb\" style=\"font-size:25px\"><strong>Organisation du stage<\/strong><\/p>\n\n\n\n<ul class=\"wp-block-list\">\n<li style=\"font-size:22px\">Du lundi au vendredi de 9h \u00e0 16h<\/li>\n\n\n\n<li style=\"font-size:22px\">Accueil et garderie entre 8h-9h et 16h-17h<\/li>\n\n\n\n<li style=\"font-size:22px\">Les participants emm\u00e8nent leur d\u00e9jeuner<\/li>\n<\/ul>\n\n\n\n<p class=\"has-light-green-cyan-color has-text-color has-link-color wp-elements-3074011f2147b56fd7670ed11ad80987\" style=\"font-size:25px\"><strong>Dates disponibles<\/strong><\/p>\n\n\n\n<ul class=\"wp-block-list\">\n<li style=\"font-size:22px\">Du 6 au 10 juillet 2026<\/li>\n\n\n\n<li style=\"font-size:22px\">Du 13 au 17 juillet 2026<\/li>\n\n\n\n<li style=\"font-size:22px\">Du 20 au 24 juillet 2026 (pas de stage le 21)<\/li>\n\n\n\n<li style=\"font-size:22px\">Du 27 au 31 juillet 2026<\/li>\n\n\n\n<li style=\"font-size:22px\">Du 3 au 7 ao\u00fbt 2026<\/li>\n\n\n\n<li style=\"font-size:22px\">Du 10 au 14 ao\u00fbt 2026<\/li>\n\n\n\n<li style=\"font-size:22px\">Du 17 au 21 ao\u00fbt 2026<\/li>\n<\/ul>\n\n\n\n<p class=\"has-light-green-cyan-color has-text-color has-link-color wp-elements-4d3900e4f4b1be675870ddd699d149f9\" style=\"font-size:25px\"><strong>Tarifs : <\/strong><\/p>\n\n\n\n<p style=\"font-size:22px\">349\u20ac pour 1 enfant<\/p>\n\n\n\n<p style=\"font-size:22px\">599\u20ac pour 2 enfants de la m\u00eame famille<\/p>\n\n\n\n<hr class=\"wp-block-separator has-alpha-channel-opacity\"\/>\n\n\n\n<p class=\"has-light-green-cyan-color has-text-color has-link-color wp-elements-e0bded2c176334917d739e452ca6c5b1\" style=\"font-size:25px\"><em><strong>Inscriptions par t\u00e9l\u00e9phone : +32 489 20 46 96<\/strong><\/em><\/p>\n\n\n\n<p style=\"font-size:22px\">N&rsquo;h\u00e9sitez pas \u00e0 nous appeler si vous avez encore des questions, nous nous ferons une joie d&rsquo;y r\u00e9pondre.<\/p>\n\n\n\n<p style=\"font-size:22px\">Une fois l\u2019inscription confirm\u00e9e, vous recevrez un <strong>email r\u00e9capitulatif<\/strong> avec toutes les informations utiles ainsi que les modalit\u00e9s de paiement.<\/p>\n<\/div><\/details>\n<\/div>\n","protected":false},"excerpt":{"rendered":"","protected":false},"author":6,"featured_media":0,"parent":0,"menu_order":0,"comment_status":"closed","ping_status":"closed","template":"","meta":{"_themeisle_gutenberg_block_has_review":false,"footnotes":""},"class_list":["post-676","page","type-page","status-publish","hentry"],"_links":{"self":[{"href":"https:\/\/adrena.fun\/home\/wp-json\/wp\/v2\/pages\/676","targetHints":{"allow":["GET"]}}],"collection":[{"href":"https:\/\/adrena.fun\/home\/wp-json\/wp\/v2\/pages"}],"about":[{"href":"https:\/\/adrena.fun\/home\/wp-json\/wp\/v2\/types\/page"}],"author":[{"embeddable":true,"href":"https:\/\/adrena.fun\/home\/wp-json\/wp\/v2\/users\/6"}],"replies":[{"embeddable":true,"href":"https:\/\/adrena.fun\/home\/wp-json\/wp\/v2\/comments?post=676"}],"version-history":[{"count":29,"href":"https:\/\/adrena.fun\/home\/wp-json\/wp\/v2\/pages\/676\/revisions"}],"predecessor-version":[{"id":711,"href":"https:\/\/adrena.fun\/home\/wp-json\/wp\/v2\/pages\/676\/revisions\/711"}],"wp:attachment":[{"href":"https:\/\/adrena.fun\/home\/wp-json\/wp\/v2\/media?parent=676"}],"curies":[{"name":"wp","href":"https:\/\/api.w.org\/{rel}","templated":true}]}}